-2)/12). Suppose -18 + g = -2*j. What is the units digit of m(j)?
5
What is the thousands digit of ((-344)/(-10))/((-37)/(63270/(-12)))?
4
Let p(w) be the second derivative of -7/2*w**2 + 11/3*w**3 + 0 + 2*w. What is the units digit of p(2)?
7
Let n(z) = -95*z + 98. What is the hundreds digit of n(-14)?
4
Let c(j) = j**3 - 5*j**2 + j. Let n be c(3). Let w(g) = g**2 + 12*g + 9. What is the tens digit of w(n)?
5
Let a = 2 + 2. Let k be 1*a*95/76. Suppose -126 = -k*x + 39. What is the units digit of x?
3
Suppose 0 = -5*h - 3*c - 0*c + 817, 4*h = c + 657. Suppose 2*a - h = -34. Let o = a - 40. What is the units digit of o?
5
Let k(o) = 4*o**2 + 15*o - 2. What is the hundreds digit of k(-18)?
0
Let p(s) = -s + 9. Let m be p(8). Let d be m/(-6) + (-1)/(-6). What is the units digit of (-2 + (d - -18))*1?
6
Suppose -204 = -4*f + 232. What is the units digit of f?
9
Let x(n) = 5 + 2*n**2 - 14 + 2*n - 1 - 2. What is the units digit of x(5)?
8
Suppose 7*p - 25*p + 18342 = 0. What is the tens digit of p?
1
Let k = -26 + 94. Suppose -k = -6*j + 412. What is the units digit of j?
0
Let t(w) = w**2 + w + 1. Let r(u) = -7*u**2 - 61*u - 24. Let o(b) = r(b) + 4*t(b). What is the hundreds digit of o(-14)?
1
Suppose 0*d = 4*d + 4. Let r be d + 7 + 2 + -4. Suppose 4*s + 20 = 2*f, -2*f - r*s = -f + 14. What is the units digit of f?
2
Let v = 2324 - -435. What is the units digit of v?
9
Let z = -1 - -3. Suppose -z*j + 110 = -4*g, 9*g - 4*g + 5 = 0. Let m = 90 - j. What is the tens digit of m?
3
Let c(d) be the second derivative of d**6/40 - d**5/60 - d**2 - 5*d. Let k(i) be the first derivative of c(i). What is the units digit of k(1)?
2
Let b(t) = 4*t**2 - 6*t + 5. Suppose -13*n = -16*n + 6. What is the units digit of b(n)?
9
Let z be (2*2 - 1) + -2. Let x be (-234)/(-57) + (-30)/285. Suppose 0 = 4*q - x*l, -2*l = -3 + z. What is the units digit of q?
1
Let d = -445 + 725. What is the hundreds digit of d?
2
Let i be 4 + 2*(-5)/(-10). Suppose i*a = -2*v - 6, -3*a = 2*v - a - 6. Suppose -v*o + 3*o + 216 = 0. What is the units digit of o?
4
Suppose q + q = 1856. What is the tens digit of q?
2
Let j(g) = -g + 8. Let f be (-81)/(-6)*(-4)/(-6). Let z be j(f). Let l = 11 - z. What is the units digit of l?
2
What is the hundreds digit of 15941/3 - (0 + 4/(-12))?
3
Let s(d) = -d**3 - 10*d**2 - 10*d - 9. Let t be s(-9). Suppose -32 = -3*k - k + 4*u, t = k - 5*u. What is the tens digit of 2/k - 447/(-15)?
3
Let j(b) = -5*b**2 + 2*b**2 - 4*b + b + 8*b**2. What is the tens digit of j(-4)?
9
Let m(l) = l - 1. Let v = 89 - 29. Suppose -3*p - 2*p = -v. What is the tens digit of m(p)?
1
Let l(g) = 28*g + 44 - 20 - 34. What is the tens digit of l(4)?
0
Let y = -27 - -28. What is the tens digit of -4*(-21*y - -3)?
7
Suppose -202*a = 4*j - 200*a - 4354, j + 5*a = 1111. What is the tens digit of j?
8
Suppose -5*o + 15 = 2*a, -2*o - 6*a + 6 = -a. Let w(g) = 3*g**2 + 0*g**2 - g**2 - 4 + o*g - 2*g. What is the units digit of w(4)?
2
Let x = -19 + 24. Suppose 5*u - 503 + x = -2*h, -4*h = -16. What is the tens digit of u?
9
Let a be (-31*4/(-4))/(-1). Let c = a + -8. What is the units digit of c*(24/(-9))/4?
6
Let n(z) = -21*z - 25. What is the tens digit of n(-28)?
6
Let a(n) be the second derivative of n**5/15 - 7*n**4/12 - 5*n**3/3 - 11*n. Let h(d) be the second derivative of a(d). What is the tens digit of h(8)?
5
Suppose -2*j = 2*j + 4*o - 4, -3*j + 2*o + 18 = 0. Suppose 2*s - 744 = -j*q, 5*q - 3*s = s + 904. What is the units digit of q?
4
Let w be 6/14 - 11/(-7). Suppose -i + w*g = -4*i + 26, -4*i + g + 20 = 0. What is the tens digit of (-88)/i*3/(-2)?
2
Suppose 30 - 10 = 4*r. Suppose r*q + 4238 = 18*q. What is the hundreds digit of q?
3
Let r = -3216 + 6458. What is the thousands digit of r?
3
What is the units digit of (18520/(-120))/(2/(-6))?
3
Let u(f) = -194*f + 13. Let z(o) = -98*o + 6. Let a(i) = 4*u(i) - 7*z(i). What is the hundreds digit of a(-1)?
1
What is the units digit of (-3 + 1 - 12)*-41?
4
Let f(t) = -5*t**3 + 2*t. What is the units digit of f(-3)?
9
Suppose -i = -4*n - 6*i - 1, i + 11 = n. Let k be n/4 - 11/(-22). Suppose -27 = -g + k. What is the tens digit of g?
2
Let l = -1390 - -2213. What is the units digit of l?
3
Let q = -1766 - -2691. What is the tens digit of q?
2
Let k(n) = -2*n**3 - 5*n**2 + 5*n + 3. Let y be k(-3). Let s be (-322)/y + (-4)/12. Let f = -70 + s. What is the units digit of f?
7
Let g(y) be the second derivative of -145*y**3 - 8*y. Let o(z) = -13*z. Let j(m) = 2*g(m) - 135*o(m). What is the tens digit of j(1)?
1
What is the thousands digit of (-9)/3 + 0 - -1420?
1
Suppose 0 = 8*s - 12*s + 12. Suppose 60 = -i - 2*x, 0*i - s*i - 148 = -2*x. Let t = i + 82. What is the tens digit of t?
3
Let y(s) be the first derivative of 1/2*s**2 + 7 - 2*s. What is the tens digit of y(14)?
1
Let g(z) be the first derivative of z**4/4 - 2*z**3 - z**2/2 + 9*z + 12. What is the tens digit of g(7)?
5
Let z be 241 - (12/(-3) + 1). Let v = -156 + z. What is the tens digit of v?
8
Suppose -y + 11 = 3*t - 2, -t - 5 = -2*y. Suppose -5*v = l - 0*v - 32, -3*v = -y*l + 128. What is the units digit of l?
2
Let x(v) be the first derivative of v**3/3 - 7*v**2/2 + 6*v - 5. Let d be x(7). Suppose -d*q + 24 = -3*q. What is the units digit of q?
8
Let q(n) = n**3 - 3*n**3 - 4*n**3 - n**2 + 7*n**3 + 140. Let j be q(0). Let r = j - 76. What is the units digit of r?
4
Let l = -4 - -10. Let k be ((-195)/6)/(l/(-12)). Suppose 3*i - f - f = 95, k = 2*i - 3*f. What is the tens digit of i?
3
Let x be (-1 + 11 - 2) + -1. Let y(j) = 4*j + 22. What is the tens digit of y(x)?
5
Let k(y) be the first derivative of y**2 + y - 7. Let l be k(1). Suppose 2*i + l*d = i + 45, -261 = -5*i + 3*d. What is the tens digit of i?
5
Let y(g) = 2*g**2 + 9*g - 4. Let x be y(6). Suppose 6*h - x = 448. What is the units digit of h?
5
Suppose 18777 = 40*f - 7*f. What is the hundreds digit of f?
5
Let p(a) = a**2 + a - 6. Let t be p(2). Suppose -y = -t*y - 230. What is the hundreds digit of y?
2
Let h be ((-2)/(-6) + -1)*-3. Suppose -5*k = 25, 5*a + k = h*k + 25. Suppose -5*o + 2 = a*i, -2*i - 3*i + 19 = -2*o. What is the units digit of i?
3
Let c(g) = 1 + 0*g + 3 + 8*g. Suppose i + 2*n - 18 = -4*i, 0 = -4*i + 4*n + 20. What is the units digit of c(i)?
6
What is the hundreds digit of (-1)/11 + (462168/(-44))/(-9)?
1
What is the tens digit of (-3)/(-2)*2020/15?
0
Suppose 0 = 9*v - 997 - 1595. Let j = 416 - v. What is the units digit of j?
8
Let m be 4/4 - (0 - 3). Suppose -4*s + 36 = m*j, 3*j + 0*s - 23 = s. What is the tens digit of (-6)/(-3)*52/j?
1
Let s(c) = -147*c + 1 + 149*c + 4. Let f(i) = i**2 - 7*i + 9. Let r be f(7). What is the units digit of s(r)?
3
Let w = 9 - 9. Suppose w = -6*j + 7*j - 142. What is the tens digit of j?
4
Let w = 4135 + -2457. What is the tens digit of w?
7
Let g be 23/7 - (-10)/(-35). Suppose 0*r - 3*r + 2*n + 10 = 0, 3*r - 9 = g*n. Suppose -k = -r - 0. What is the units digit of k?
4
Let z = -4038 - -7762. What is the units digit of z?
4
Suppose 6*g - 48 = 4*g - j, -4*g = -2*j - 88. Suppose -4*o - 2*h - h + g = 0, -5*o = -2*h. What is the units digit of o?
2
Let s(a) = -25*a**2 + 1. Let t be s(-1). Let d be ((-1)/(-3))/(2/t). Let q = 35 + d. What is the units digit of q?
1
Suppose -4*v + 607 = -1389. What is the hundreds digit of v?
4
Let b = 1725 - 1078. What is the units digit of b?
7
Let w = -111 - -244. Suppose -4*y + w + 79 = 0. What is the units digit of y?
3
Let c(r) be the first derivative of -112*r**2 - 10*r + 45. What is the units digit of c(-1)?
4
Let h be 8/(-3)*18/(-12). Suppose h*n = 4*w - 33 + 117, -2*n = 3*w - 17. What is the tens digit of n?
1
Let t = -13 - -15. What is the units digit of 640/25 + t/5?
6
Let h(r) = -r**3 + 7*r**2 + 4*r + 8. Let p be h(7). Let x = p + -7. Suppose -l + 3*i + x = -5, -i = 3*l - 62. What is the units digit of l?
2
Suppose 4*m = -5*o + 7, o - 7 = -2*m + 2*o. Suppose x = 5*v - m*v + 6, 2*x = -2*v + 6. Let j(y) = y**3 - 3*y**2 - 5*y + 10. What is the units digit of j(x)?
6
Let b be 4/18 - 70/(-9). Suppose k = 3*k - b. Suppose p - 160 = -k*p. What is the tens digit of p?
3
Let w = -15 - -68. What is the units digit of w?
3
Let s = -718 + 1319. What is the units digit of s?
1
Suppose 0*m + 292 = 2*m - 2*g, 738 = 5*m - 3*g. What is th